 of d and 700?
175
Let s be (-2)/4 - 822/(-4). Suppose -1550 - 294 = -5*a + 4*y, 5*a + 5*y = 1835. Suppose 14*z - a = 206. Calculate the highest common factor of s and z.
41
Let v be (-17 - -21 - 8)*(2 + 3*-1). Let t be 3/(-2*(-2)/20). Suppose -v*u = -t - 133. What is the greatest common factor of 148 and u?
37
Suppose -10*n + 6*n + f = -34, -n + 18 = -5*f. Let g be (-33*(-12)/n)/((-12)/(-16)). Calculate the highest common factor of g and 24.
6
Let x be (-4)/(-14) - (-1390)/35. Let f = 6831 + -6491. Calculate the highest common factor of f and x.
20
Let s = 16 + 3. Let o(l) = -l**3 + 20*l**2 - 23*l + 19. Let b be o(s). Let n be -16*(-4)/((-24)/b). What is the highest common factor of n and 19?
19
Suppose 0 = -l - 3*l, 0 = -5*c - 5*l + 205. Let t = c - 41. Suppose 3*o + 14 = 4*d - t*o, -3*d + 2*o = -10. Calculate the greatest common divisor of 14 and d.
2
Suppose -4*p = -373 - 1095. Suppose -11*k = -95 - p. Let q = 188 - 125. Calculate the highest common divisor of q and k.
21
Suppose 2*x - 7*x = k - 127, 0 = 5*k - 2*x - 662. Suppose -129*y + k*y - 30 = 0. Calculate the highest common divisor of 22 and y.
2
Suppose z - 5 = -4*q, 0 = -179*z + 175*z + 5*q + 20. Suppose -5*s + 2*k + 7542 = 0, k = z*s + 4*k - 7537. What is the highest common divisor of 52 and s?
52
Let p be 12/(1/(10/3)). Let u be 1200/36 - 2/(-3). Let h = p - u. Calculate the highest common divisor of 48 and h.
6
Suppose -4*d + 1904 = -4*t, 0*t = -2*t - 3*d - 952. Let v = -469 - t. Calculate the highest common factor of 49 and v.
7
Let b(j) = -146*j - 1020. Let k be b(-18). What is the greatest common factor of k and 134?
134
Suppose -60*a - 17289 = -32195 - 52954. Calculate the highest common factor of 78 and a.
39
Let y(u) = 2*u - 8. Let z be y(4). Suppose 59*c - 60*c + 88 = z. Suppose c = -d + 2*d. What is the highest common factor of d and 11?
11
Let p = 21993 + -21981. Calculate the highest common factor of 6828 and p.
12
Suppose 0*a = 44*a + 176. Let x(b) = -3*b**3 + 11*b**2 + 8*b + 12. Let m be x(a). Calculate the highest common divisor of m and 6.
6
Let j = 42539 - 15876. What is the highest common factor of 586 and j?
293
Let c(b) = b**2 + 236*b + 2697. Let r be c(-12). Let k = -13 - 12. Let z = r - k. Calculate the highest common divisor of z and 17.
17
Let b(a) = a**2 + a + 11. Suppose 0 = z - 2 - 6. Suppose 0 = 3*y - z*y. Let m be b(y). Calculate the highest common factor of 22 and m.
11
Let s(g) = -10*g**3 - g**2 - 3*g. Let l be s(-1). Suppose -9 = -3*j, 0 = 7*v - l*v + j + 222. What is the highest common divisor of 5 and v?
5
Let v(o) = o**3 + 17*o**2 + 3*o + 83. Let f be v(-17). What is the highest common factor of 512 and f?
32
Suppose -4*t + 4*x - 9*x = -302, -4*t + 4*x + 320 = 0. Let k = -127 + t. Let r = k - -61. Calculate the highest common divisor of r and 60.
12
Suppose -4*x + 16 = 4*c, 2*c - 8*x - 3 = -11*x. What is the highest common divisor of 261 and c?
9
Let v(m) = 8*m - 2. Let k be v(4). Suppose 4*f - 130 = -2*n, -136 = -4*f - n - 3*n. Let r be (-90)/(-9) + f + 4. What is the greatest common factor of r and k?
15
Let n = -7940 - -7953. Calculate the greatest common factor of n and 193.
1
Suppose 4*n = -0*a + 3*a - 472, 0 = -5*a - 3*n + 777. Let q = -139 + a. Calculate the highest common factor of q and 187.
17
Suppose i = 3*k - 3, 0 = 5*i + 3*k - 2*k - 17. Let v(d) = 3*d**3 - d**2 - 4*d. Let x be v(i). Let c = 79 - 55. What is the highest common factor of x and c?
12
Let f(q) = 160*q. Let j be -2 + (-3)/((-12)/28). Suppose 8*c = j + 3. Let i be f(c). Calculate the highest common divisor of 20 and i.
20
Let c(q) = -8*q + q + 6 + q. Let k be c(-11). Let f(v) = v**2 - 27*v + 8. Let s be f(0). What is the highest common divisor of k and s?
8
Suppose 455*w - x = 451*w + 50455, 2*x = -3*w + 37822. What is the highest common divisor of w and 12?
12
Let p(i) = 78*i - 1. Let w(a) = -a**2 - 6*a + 26. Let x be w(3). Let h be p(x). Let l = h - -86. What is the highest common factor of l and 77?
7
Let t = 7358 + -7243. Calculate the greatest common factor of t and 4945.
115
Suppose 2*a = 5*d + 516, -3*a + 3*d = -100 - 710. Calculate the highest common divisor of 48094 and a.
278
Suppose -5*o + 25 = 3*n, 5*n - o = 4*o + 95. Let c = n - 15. Suppose 135 = -c*m + 5*m. What is the highest common divisor of m and 297?
27
Let f = -4 - -8. Suppose -o + 13 = -2*v, -o - f*v + 2 = o. Let x = 24 - o. Calculate the highest common factor of x and 85.
17
Let w be -11*(-5)/440 + 357/24. Let a(u) = 20*u**2 + 4*u + 3. Let q be a(-2). What is the highest common divisor of q and w?
15
Suppose -16*j + 280 = -8. Calculate the highest common factor of 4518 and j.
18
Let q = 972 - 968. Let l be (-415)/(-85) + q/(-68)*-2. Calculate the greatest common divisor of 125 and l.
5
Let r be (-1 + 2)*0 + 16. Let w(n) = -25*n - 38*n + 22 - 106 + 83*n. Let a be w(13). What is the greatest common divisor of a and r?
16
Let w be (-5586)/441*(-1 + (-337)/2). Calculate the highest common divisor of 76 and w.
19
Suppose -3*q + 4*o = -1204, 3*q + 225*o = 222*o + 1176. Calculate the greatest common factor of 220 and q.
44
Let l be -1163*(-975)/(-50)*-2. Calculate the greatest common divisor of 39 and l.
39
Let z = 1250 + -1228. Calculate the greatest common factor of z and 1551.
11
Suppose -990 = -42*d + 3840. What is the highest common factor of 25 and d?
5
Suppose -4*t + 16 = 0, -3*t - 44 = -2*y - t. Let d = -898 - -904. Let k be d/(-4) + 427/122. Calculate the highest common divisor of k and y.
2
Let n(g) = 853*g + 9164. Let p be n(-10). What is the highest common divisor of p and 24?
2
Let q be (196/4*64/96)/((-1)/(-33)). What is the highest common factor of 14 and q?
14
Let q(i) = -i**2 + 12*i - 54. Let g(b) = 2*b**2 - 36*b + 161. Let y(s) = -4*g(s) - 11*q(s). Let l be y(-8). What is the highest common divisor of l and 69?
23
Let k be 582/9 + -4 + (-4)/6. Suppose -14*i = 10*i - 480. Calculate the highest common divisor of k and i.
20
Let j = -48 - -323. Let h(y) = -5*y**2 - 27*y - 12. Let i be h(-5). Let x be 11*(-5 + (-45)/(-10))*i. Calculate the greatest common divisor of x and j.
11
Let g be ((-18)/(-10))/(30/50). Suppose -2*z + 880 = u, -g*u + 305 = 5*z - 2335. What is the highest common factor of u and 22?
22
Let a(x) = 239*x + 4324. Let l be a(-18). What is the highest common divisor of 27071 and l?
11
Suppose -2*j + 62 = -3*p, 0*p - j = -5*p - 108. Let q = p + 32. Let t = -5703 + 5733. Calculate the greatest common divisor of q and t.
10
Suppose 3*l + 15 = 0, 122 = 2*k + k + 5*l. Let p = k - 49. Suppose -3*r - 2*d + p*d = -184, 4*r + d = 252. Calculate the greatest common factor of 16 and r.
16
Suppose 4*m = -5*r + 17, 0*m + 4 = -2*m. Suppose 0 = 5*l + 20, 3*z + 28 = r*z - 5*l. Calculate the greatest common divisor of z and 3.
1
Suppose 2*v = -v + 1680. Let k be 0 - 32*(19 - 9). Let r = v + k. Calculate the greatest common factor of 30 and r.
30
Suppose 153592*t - 153602*t + 40 = 0. Calculate the greatest common divisor of t and 5228.
4
Let w = -759 - -954. Suppose -18 - 207 = -4*x + 5*a, -4*x - a = -w. Let f = 99 + -49. Calculate the greatest common factor of x and f.
50
Let v be (-1)/((-18 + 0)/486). What is the greatest common factor of 3609 and v?
9
Let k = 12311 + -12289. What is the greatest common divisor of k and 898?
2
Let h be -60*((342/(-27) - -4) + 4). What is the greatest common divisor of h and 170?
10
Let q be 1 + 4 + -3 - 2/1. Let r(d) = -d - 156. Let y be r(q). Let g be (y/(-42))/((-1)/(-7)). Calculate the greatest common factor of 13 and g.
13
Suppose -4*s + 5 = -d + 2*d, 13 = d + 2*s. Suppose d*b = 28*b - 98. What is the highest common divisor of b and 308?
14
Let n be (-1)/(-4)*-2*-122. Let p = 486 + 307. Calculate the greatest common divisor of p and n.
61
Suppose 0 = 68*r - 73*r + 560. Suppose -r = 2*p - 18*p. What is the greatest common factor of 175 and p?
7
Let t(o) = -3*o**2 - 15*o + 45. Let z be t(-7). Let m be z*376/10*20/6. Calculate the highest common factor of m and 47.
47
Let x be -20 + (-12 + 8)*-16. Calculate the greatest common factor of 7480 and x.
44
Let n = 670 - 478. Let t = 199 - n. What is the greatest common factor of t and 91?
7
Let d be 4/52 - (-18186)/182. Suppose z = -h + 40, 0 = -3*z + h - 6*h + 120. What is the highest common divisor of z and 